 4*n**2 + 2*n - 6. Let g be p(i). Let w(z) = -z**g + 2 - 5*z + 2*z**2 + 0. Give w(5).
2
Let v(k) = k**3 + 7*k**2 - 4*k + 4. Let l = -145 + 137. What is v(l)?
-28
Let y(x) = x**2 - 1. Let a(n) = 6*n**2 + 3*n - 5. Let r(v) = -a(v) + 5*y(v). Let d be r(-3). Let l(j) = -j - 1. Determine l(d).
-1
Suppose -n - 1 = -4. Let j be 2/(n/3) - -1. Let g(r) = -3 - r - j*r + r**2 + 1 - 2. What is g(4)?
-4
Let m be 9*(1 + 4/(-6)). Let u(f) = -f**3 + 4*f**2 - 3*f + 4. Calculate u(m).
4
Let l(n) = -n + 4. Suppose -d = -0*d + 8. Let m be (10/(-6))/(d/24). What is l(m)?
-1
Let d = 29 - 33. Let f(w) = -w + 3. Calculate f(d).
7
Let f(g) = g**2 + 6. Suppose 2 = 4*z - 2. Let y be 2 - (4/z + -2). Determine f(y).
6
Let o(v) = -v**3 + 2*v**2 - 2*v - 2. Let z(h) = -h**2. Let s(r) = o(r) + 4*z(r). Determine s(-2).
2
Suppose -5*c + 18 = -2*j, -3*j = 2*c + j + 12. Let x(z) = -3*z - 5*z**c + 2*z**3 + z - 3*z**3 - 4. Determine x(-5).
6
Let k be 22/4 + (-5)/10. Let l(v) be the second derivative of 0 - 1/20*v**k + 2/3*v**3 - 4*v - 7/2*v**2 - 5/12*v**4. What is l(-6)?
5
Let x(g) = g**2 + g - 1. Let m = -5 - -4. Let q(j) = j**3 - 6*j**2 - 4*j + 4. Let t(n) = m*q(n) - 5*x(n). What is t(1)?
0
Suppose -4*b = 4*k - 0*k + 4, -8 = 2*k - 4*b. Let o(c) = -1 + 2*c**2 - 921*c + 921*c. What is o(k)?
7
Let g(b) be the second derivative of b**3/6 - 3*b**2/2 - 3*b. Let q be 14/3 + 8/(-12). Determine g(q).
1
Let h(n) = n**3 - 22*n**2 - 26*n + 1. Let k(j) = -7*j**2 - 8*j. Let r(z) = 2*h(z) - 7*k(z). What is r(-3)?
-19
Suppose 10*z = 7*z - 15. Let i(l) = -l**3 - 4*l**2 + l. What is i(z)?
20
Let i(l) = -4*l + l**3 - 2*l**2 - l**2 + 1 + 2*l**2. Let u be 16/(-56) - (-158)/14. Suppose u*t = 8*t + 9. Give i(t).
7
Let y(h) = h**2 - 3*h. Let c be y(4). Let b(t) = -t**2 + 5*t**2 - t**2 - c*t**2 - 2 - 6*t. What is b(-6)?
-2
Let t = -38 + 38. Let a(s) = 4*s**3 - 2*s - 3. Let f(x) = -5*x**3 + 3*x + 2. Let k(g) = 4*a(g) + 3*f(g). Determine k(t).
-6
Let k(l) = -5 - 2 + 3 - 2 + l. What is k(6)?
0
Let n(f) = 3*f - 15. Let y be n(10). Suppose 3*o = 8*o - y. Let w(c) = c**3 - 3*c**2 + 2*c - 2. Determine w(o).
4
Let g(x) = x**2 - 1. Let f(c) = c**3 - 7*c**2 - c - 2. Let p be 6/1*(-2)/(-6). Let j(r) = p*g(r) + f(r). What is j(5)?
-9
Let w(i) = -i**2. Let d = -5 + 7. Suppose -2*f = d*f - 20. Suppose -3*q + 22 = f*v, 4*q - 3*v + 8*v = 21. Determine w(q).
-1
Let z(d) = d**2 + d + 6. Let s be z(0). Let h(q) = 0*q - q - 4 + 5*q - s*q. Let k(j) = -j**3 - 7*j**2 - 5*j + 2. Let g be k(-6). What is h(g)?
4
Let r(m) be the second derivative of -m**5/20 + 7*m**4/12 + 4*m**3/3 - 4*m**2 + 60*m. Calculate r(8).
-8
Let k be (-1)/(2/(-20)) + -3. Let p(t) = -4*t - 12. Let u(n) = -9*n - 25. Let f(x) = k*p(x) - 3*u(x). Calculate f(0).
-9
Let d(i) be the second derivative of i**3/6 - 7*i**2/2 + 13*i. What is d(6)?
-1
Let j(a) be the second derivative of -a**3/2 - 2*a**2 + 5*a. Calculate j(4).
-16
Let b(f) be the second derivative of f**3/6 + f**2 - f. Suppose n + 0*n + 2 = 0. Let l be (-10)/n*(-10)/25. Determine b(l).
0
Let s(a) = -a. Let w = -5 + 8. Suppose -w*u = 5*t + 18, -3*t + 5*u = t + 7. Let x be (2 - -1)/(t/2). Determine s(x).
2
Let q(c) = c**3 - 5*c**2 + 5*c - 2. Suppose -h - n + 4 = 4*n, -h + n = -4. Determine q(h).
2
Let j = 15 - 20. Let x(m) = 7*m**2 - 3*m - 10. Let k(f) = 6*f**2 - 2*f - 9. Let q(h) = 6*k(h) - 5*x(h). Calculate q(j).
6
Suppose 1 = -d - 1. Let i = -1 - d. Let l(x) = -x + 7. Let k(f) = 2*f - 6. Let v(u) = -6*k(u) - 5*l(u). Calculate v(i).
-6
Let n(t) be the third derivative of t**4/24 + 2*t**3/3 - 4*t**2. Suppose -2*f - 5*o = -f, 0 = -4*f + 2*o - 22. Calculate n(f).
-1
Let c(u) be the first derivative of -u**7/840 + u**6/120 - u**4/24 - 2*u**3 - 5. Let l(t) be the third derivative of c(t). Determine l(2).
3
Let o = 148 + -152. Let s(v) = -3*v**3 + 15*v**2 + 3*v - 3. Let i(w) = -w**3 + 7*w**2 + 2*w - 2. Let h(y) = -5*i(y) + 2*s(y). Calculate h(o).
4
Let u(x) = -x + 6*x**2 + 3*x**3 + 0*x**2 - 4*x**3 + 8. Let a be u(6). Let d(z) = -1. Let y(h) = -h - 6. Let k(c) = -14*d(c) + 2*y(c). What is k(a)?
-2
Let d(b) = -3*b**3 + 9*b**2 + 5*b - 5. Let l(r) = -r**3 + r**2 + r - 1. Let p(a) = -d(a) + 4*l(a). Suppose -9*y - 54 + 18 = 0. What is p(y)?
-11
Let m(j) be the second derivative of -j**8/6720 + j**7/504 + 7*j**6/720 - 7*j**5/120 - j**4/12 - 6*j. Let h(v) be the third derivative of m(v). Give h(6).
-1
Let l(d) = -4*d**3 + 0*d**3 + 6 - d**3 - d + 5*d**2 + 6*d**3. Suppose 5*a + 25 = 3*c, 0 = 3*a - 3*c + 4 + 11. Determine l(a).
11
Let x(q) be the third derivative of 0*q + 5/6*q**3 - 1/24*q**4 + 2*q**2 + 0. Let d be (-8)/12*(-30)/4. What is x(d)?
0
Let u(r) = 9*r - 6. Let v(x) = 3*x - 2. Let n(g) = -3*u(g) + 8*v(g). Suppose 5*s = -2 + 17. Suppose 0 = -2*q + s*l + 18, 3*q - 3 = -l + 2. Determine n(q).
-7
Let q(b) = b**2 + 7*b + 2. Let z be 24/(-30)*(-30)/(-4). What is q(z)?
-4
Let t be (-1)/(-1 - (-4)/6). Suppose 4*y = -t*a, -y = a + a + 5. Let q(v) = v**2 + 4*v. Determine q(a).
0
Let g(p) = 2*p + 2 + 2 - 3*p + 0*p. Let h be (-18)/8*24/9. Let b(x) = x**2 + 5*x - 6. Let l be b(h). What is g(l)?
4
Suppose -10*z + 39 = 9. Let v(c) = -2*c**3 + 4*c**2 + 2*c - 4. What is v(z)?
-16
Let a(u) be the third derivative of -u**6/120 - u**5/12 - 5*u**4/24 - u**3 - 6*u**2. Calculate a(-4).
-2
Let q(d) = -d**2 + 5*d + 6. Let f be q(6). Let z(o) = 4*o + f*o + 4 - o. Calculate z(-3).
-5
Let p(o) be the third derivative of -o**6/120 - 2*o**5/15 + o**4/24 + 4*o**3/3 + 13*o**2. Determine p(-8).
0
Let n be (2/(-4))/(1/26). Let k(q) = 11*q - 29. Let c(x) = -6*x - x + 14 + 2*x. Let p(f) = n*c(f) - 6*k(f). Give p(-5).
-3
Suppose -5 = 5*j - 2*v, 0 = -0*v + 5*v - 25. Let n(m) = 7*m**3 + m - 1. Calculate n(j).
7
Let m(q) = 6*q**2 - 1. Let t(x) = -7*x**2 + 3*x - 9. Let j(w) = 6*w**2 - 4*w + 10. Let k(f) = 6*j(f) + 5*t(f). Let u be k(7). Give m(u).
5
Let c(i) = 3*i**3 - 13*i**2 - 5*i - 14. Let p(d) = 2*d**3 - 9*d**2 - 3*d - 10. Let a(h) = 5*c(h) - 8*p(h). Let n(x) = 8*x - 1. Let u be n(1). Give a(u).
3
Let m(z) = 5*z**2 + 2*z + 2. Let o(f) = f**2 + f + 1. Let x(c) = 16*c**2 + 8*c + 9. Let q(j) = 5*o(j) - x(j). Let i(h) = -13*m(h) - 6*q(h). Give i(7).
-9
Let k be 3*-3*(-5)/9. Let u(x) = x - 5. Let l be u(7). Let i(n) = 0 + n**l - k*n - 3 + 0. Determine i(5).
-3
Suppose 16*l = 14*l. Let i(v) = v**3 + 1 - 6 + 0*v**3 + v**2. Give i(l).
-5
Let q be -3 + (-3 - -3) - -18. Let u be (-1 - 9)*(-6)/q. Let r(k) = -k**2 + u*k**2 + k**3 + 1 + 0 + 0 + k. What is r(-3)?
-2
Let a(m) = 2 + 5 + 0 + 2*m + 2*m**2 - 11. What is a(-4)?
20
Let c(z) = 2. Let k(j) = j - 3 - 2*j**2 - 5 + 5 + 3*j**2. Let q(s) = -3*c(s) - 2*k(s). Give q(-2).
-4
Let i(a) = -7*a**2 - 2 + 3*a**2 - 8*a - 3*a**2 - a**3. Give i(-6).
10
Let f(k) = k**3 - 7*k**2 + k + 1. Suppose -4*t = -3*b - 19, 2*t - 3*b + 3 = 8. Give f(t).
8
Let g(y) = -8*y**2 - 7*y**2 + 0*y**2. Give g(-1).
-15
Let p(s) = -10 + 9 + 3*s + s**2 + s. Determine p(-3).
-4
Suppose -2*t + 22 = 4*c, -6 = -3*c + 2*c - t. Let m(z) be the third derivative of -z**5/60 + z**4/4 - 7*z**3/6 - 13*z**2. Give m(c).
-2
Suppose 4*g - 7*g = 0. Let a(c) = -1 + g*c**2 + 2 - 4*c**2 + 2*c**2. Calculate a(-2).
-7
Let k(q) be the second derivative of -q**3/3 - 9*q**2/2 - 5*q. Calculate k(-6).
3
Let h(s) = 3*s - 6. Let k(z) = 8*z - 17. Let q(b) = -17*h(b) + 6*k(b). Let y(t) be the first derivative of t**2/2 + 4*t + 8. Let x be y(-5). Calculate q(x).
3
Let x(v) = v - 7. Let s = 2 + -1. Let i be -1*(s - (-2 - -11)). Suppose i*w = -5*p + 4*w + 5, -15 = 3*w. Give x(p).
-2
Let w(s) = -s - 5. Suppose 2 = 3*u - 10. Calculate w(u).
-9
Suppose 0*x + 2*x - 5*q + 11 = 0, -q = -5*x + 7. Let h(p) = -3*p - x*p**2 + 4 + 3*p**2 + p**3 + 0*p**2. Suppose 5*v + 18 - 3 = 0. Give h(v).
-5
Let j(k) = -k**3 + 4*k**2 - 4*k + 4. Suppose r = 3*r - 6. What is j(r)?
1
Let q(l) = -4*l. Suppose -4*h = -7*h - 6. Calculate q(h).
8
Let h = 914 - 912. Let w(n) = -14*n**2 - 17*n + 20. Let v(m) = -5*m**2 - 6*m + 7. Suppose -2*f + 3*f - 17 = 0. Let l(g) = f*v(g) - 6*w(g). Calculate l(h).
-5
Let r(x) = -x**3 - 2*x**2 + 3*x - 1. Let h be r(-3). Let v(z) = -z**2 + 4*z - 1. Let w(p) = 2*p - 3*p + 10 - 11. Let o(t) = h*v(t) + 3*w(t). Give o(5).
-12
Let x(k) = k**3 + k**2 - 2*k - 1. Let q(p) = -p - 2*p - p + 2*p + 6. Let t be q(4). Calculate x(t).
-1
Let d(l) = -2*l**3 + 5*l**2 - 2*l - 1. Let u(o) 